se 10, what is -8405031 + 0?
-8405031
In base 9, what is -1618025 + 350?
-1617565
In base 7, what is -3 - 230436511?
-230436514
In base 15, what is d697 + -2?
d695
In base 12, what is -37070 - 1017?
-38087
In base 14, what is 1bd4 + 1632?
3426
In base 14, what is 6cd70d - 1?
6cd70c
In base 4, what is -2233 + -130310300?
-130313133
In base 3, what is 101101101101122 - -120?
101101101102012
In base 14, what is 6 - -4405ad?
4405b5
In base 12, what is -14 - -680595?
680581
In base 10, what is -17613054 + -1?
-17613055
In base 12, what is 1 + 39aa5a2?
39aa5a3
In base 4, what is -22 - 123210200002?
-123210200030
In base 3, what is -1011 + 212220011?
212212000
In base 2, what is -11101101000111011111011 - -1000?
-11101101000111011110011
In base 13, what is 1a0a - 2b?
19ac
In base 12, what is 82 - -23431?
234b3
In base 7, what is -20 + 1242002?
1241652
In base 9, what is -67664560 - 15?
-67664575
In base 8, what is -226 + -431014?
-431242
In base 13, what is aa6c6a - -2?
aa6c6c
In base 15, what is -1 - -4cc841?
4cc840
In base 14, what is 11d405 + 18c?
11d593
In base 5, what is -1400224 + 1000?
-1344224
In base 15, what is ada3 - -ad?
ae61
In base 13, what is -aa270 - -898?
-a96a5
In base 6, what is 122011 - -230343?
352354
In base 14, what is -1b3a5 + 41?
-1b364
In base 15, what is -7575 + -327?
-789c
In base 11, what is -419 + -a117?
-a535
In base 6, what is 4 + -2051134015?
-2051134011
In base 16, what is -946e1 + -6?
-946e7
In base 7, what is -656 + -34452333?
-34453322
In base 10, what is 5 + 2183687?
2183692
In base 4, what is -210 + -101330200?
-101331010
In base 6, what is -22033 + -10402?
-32435
In base 11, what is -9 + 11638377?
11638369
In base 2, what is 10011011000 + -100110011010?
-10011000010
In base 2, what is -110110 - -1001101101000000010?
1001101100111001100
In base 13, what is -a129 + -3339?
-10465
In base 10, what is -2712 + -79?
-2791
In base 4, what is -10 - -313220212222?
313220212212
In base 6, what is 1242022 - 313?
1241305
In base 14, what is 3ba - -bd808?
bdbc4
In base 3, what is 1110222 + 1000222121?
1002110120
In base 9, what is -8675 + 78828?
70143
In base 7, what is 26 + 453454102?
453454131
In base 6, what is -44 + -15120502?
-15120550
In base 4, what is -2202031 - -2001132?
-200233
In base 7, what is 656011466 - -3?
656011502
In base 8, what is -114 - -6505635?
6505521
In base 5, what is 1301 - 124000133?
-123443332
In base 13, what is 1c62 + -6282?
-4320
In base 15, what is 927d8 + -e8?
926e0
In base 16, what is ab94 + -16f?
aa25
In base 14, what is 2c36b0c - 3?
2c36b09
In base 16, what is -14dfe - 2fa?
-150f8
In base 16, what is b2a + -8eaa?
-8380
In base 4, what is 213311113013 - -11?
213311113030
In base 9, what is 21264 + -38785?
-17521
In base 2, what is 1 + 1111001001100100111101011?
1111001001100100111101100
In base 10, what is -369168 - -71?
-369097
In base 12, what is -184a63 + -219?
-185080
In base 5, what is 4422223044 + -34?
4422223010
In base 13, what is -258 + 11041?
10ab6
In base 14, what is -cd4 + 4492?
359c
In base 16, what is 172d + -b65?
bc8
In base 10, what is 2 - -1234972?
1234974
In base 5, what is 144 - 4212444?
-4212300
In base 4, what is 10102300101 - 3?
10102300032
In base 2, what is 1101000111 - -10000001011101111?
10000011000110110
In base 15, what is 3 + -49aba9?
-49aba6
In base 8, what is -131 - -102221320?
102221167
In base 14, what is -3 - 89147d3?
-89147d6
In base 6, what is 3 + -50153302220?
-50153302213
In base 6, what is -320022 + 145?
-315433
In base 3, what is -1102122101212211020 + 12?
-1102122101212211001
In base 9, what is 740688 + -475?
740213
In base 11, what is 2981 + aa0?
3971
In base 8, what is 2345 + 2402?
4747
In base 16, what is -3b0 - -32414?
32064
In base 13, what is ca1547 - 26?
ca1521
In base 4, what is 31320320313100 - -2?
31320320313102
In base 12, what is -3537 + 73a?
-29b9
In base 11, what is 42 - -10220?
10262
In base 5, what is -101 + 131312033?
131311432
In base 4, what is -223112313202 - -11?
-223112313131
In base 9, what is -1020 - -4234?
3214
In base 6, what is -441 + 21301?
20420
In base 4, what is 22013 - -1200022222?
1200110301
In base 6, what is -1004505 - 5?
-1004514
In base 16, what is -7e292 - 3?
-7e295
In base 12, what is -17 - -5b67b8?
5b67a1
In base 14, what is 4 - 2552c5?
-2552c1
In base 16, what is -6740a - -33?
-673d7
In base 7, what is 11351 - 412553?
-401202
In base 12, what is 14368 + 427?
14793
In base 8, what is -442302762 - -4?
-442302756
In base 6, what is -5 + -120404012?
-120404021
In base 16, what is 4 + 105b05c?
105b060
In base 13, what is -24 + 6b7422?
6b73cb
In base 16, what is -b40 - 1f2d?
-2a6d
In base 6, what is 253 + 121313535?
121314232
In base 14, what is 1b + 3b7b0a?
3b7b27
In base 9, what is 47827037 + -4?
47827033
In base 8, what is -26244412 + 104?
-26244306
In base 8, what is 361771 + 765?
362756
In base 3, what is 22210 + -100101120101?
-100101020121
In base 3, what is -10122021200 - -212?
-10122020211
In base 16, what is -2bea3 - f44?
-2cde7
In base 8, what is -4 + 5126103?
5126077
In base 9, what is -17550 - 2285?
-20845
In base 13, what is -171 + a7614?
a7473
In base 8, what is 77 + -73315?
-73216
In base 7, what is -1550600 - -334?
-1550233
In base 9, what is 1 - 43475541?
-43475540
In base 2, what is 11100100101110101100 - 111011?
11100100101101110001
In base 12, what is 45 + -25051a?
-250495
In base 10, what is -1875577 + -6?
-1875583
In base 7, what is -3543024 + 33?
-3542661
In base 13, what is 1c09 - -c1143?
c304c
In base 15, what is 1cd4dd + 8?
1cd4e6
In base 3, what is 112001 - 11112001112?
-11111112111
In base 8, what is 27 + 12247?
12276
In base 9, what is -1123 + 687803?
686670
In base 3, what is 12 - 2121012200102210?
-2121012200102121
In base 6, what is -1041 - 1051154?
-1052235
In base 6, what is 3454512 + 422?
3455334
In base 10, what is 1792946 - -157?
1793103
In base 2, what is -10101010010 + -11100010101001?
-11110111111011
In base 13, what is -532b8 - 4638?
-57923
In base 9, what is -3 + 16224011?
16224007
In base 10, what is -35394800 + -1?
-35394801
In base 13, what is 19 + -1a989c2?
-1a989a6
In base 16, what is 3 - -1b8e0a?
1b8e0d
In base 10, what is -769909 + 280?
-769629
In base 13, what is -6 - -b2907?
b2901
In base 5, what is 230 + 30340021?
30340301
In base 13, what is -2 - -559c9b?
559c99
In base 5, what is -3032301 - 3133?
-3040434
In base 15, what is 1b6c8 + -117?
1b5b1
In base 10, what is -2 - 2741808?
-2741810
In base 9, what is 6 + 157265143?
157265150
In base 15, what is -432dbb - 4?
-432dc0
In base 7, what is 1 - -3416166?
3416200
In base 7, what is 25514 - -2450?
31264
In base 3, what is -101 - -202201001102211?
202201001102110
In base 4, what is 20223 + -10131013?
-10110130
In base 13, what is -1386c7a + -2?
-1386c7c
In base 5, what is -22410 + -11332233?
-11410143
In base 7, what is 34133651 - 0?
34133651
In base 3, what is 10 + 1200021112221221?
1200021112222001
In base 11, what is 5 + -1599159?
-1599154
In base 4, what is -3132332321203 - -13?
-3132332321130
In base 15, what is -18713 + -1be?
-188d2
In base 9, what is -124 - -414760?
414635
In base 13, what is -62 + 67044?
66cb2
In base 13, what is -68357 - 177b?
-69b05
In base 10, what is -9486 - -188038?
178552
In base 11, what is 5a19 + a0a?
6928
In base 15, what is -1 - -663801a?
6638019
In base 6, what is -104 + 153514201?
153514053
In base 2, what is 10000101111101001101100100 + -100?
10000101111101001101100000
In base 12, what is -434 + -7a20?
-8254
In base 5, what is -20200132 + -4240?
-20204422
In base 4, what is 1 - -21201302?
21201303
In base 5, what is 42 - 40333421001?
-40333420404
In base 16, what is 445617 - 1?
445616
In base 9, what is 531861 + -171?
531680
In base 5, what is -31 + 303240304?
303240223
In base 6, what is -11351 - -21321?
5530
In base 9, what is -424508822 - 0?
-424508822
In base 3, what is -1 - -20220012112020?
20220012112012
In base 9, what is -3 - -885051?
885047
In base 8, what is -1 - -1426703?
1426702
In base 14, what is -7193c - -296?
-71686
In base 6, what is 35020 - 153003?
-113543
In base 15, what is -29442147 + -3?
-2944214a
In base 5, what is -1431344042240 - -4?
-1431344042231
In base 2, what is 10100110100011 + -1111011111?
10010111000100
In base 10, what is 7519 + -28?
7491
I